2650547 = 0. Is x a prime number?
False
Let n(l) = -3*l + 56. Let j be n(18). Suppose -4*q + 576 = 5*d, -4*d + 0*d = j*q - 294. Is q composite?
False
Let q = 244 - 247. Is (-26668)/(-12)*(q - -6) a composite number?
True
Let u = -1115917 + 2022134. Is u composite?
True
Let x(z) = 6*z**2 + 32*z - 63. Let b(v) = -3*v**2 - 15*v + 32. Let n(i) = 5*b(i) + 3*x(i). Is n(-21) prime?
True
Let z(i) = -279*i**3 + 17*i**2 - 47*i - 805. Is z(-12) composite?
True
Let w(a) = 2*a**3 + 30*a**2 + 9*a + 3. Let u be w(-30). Let k = -18032 - u. Is k a prime number?
False
Let a(m) = -m**2 - 6*m + 30. Let l be a(-9). Suppose -25864 = -n - 5*r, 0 = -3*r + l - 0. Is n a composite number?
True
Let n = 9 + -5. Suppose n*g + g = 3*g. Suppose 0 = 3*d + 2*v + 3*v - 1023, g = -4*d + v + 1364. Is d a composite number?
True
Let j be 4 + -8 - 34/(-2). Suppose -j = -y - 9. Suppose 2*t = -6, -4*t - 110 = -y*c + 2*c. Is c a prime number?
False
Suppose 5*v - 3*x = 713870, -v + 196*x = 198*x - 142761. Is v a prime number?
True
Let s(k) = 44*k**2 + 37*k - 10. Let w be s(-6). Suppose -5*r - 5*b = -6740, 3*r - w = 2*r - 5*b. Is r a composite number?
True
Let f(o) = 17*o**3 - 6*o**2 - 8*o - 3. Let x be f(-12). Let t = -17206 - x. Is t composite?
False
Let l be (-1 + -13)/14 + 1 + -9441. Let b = 4081 - l. Is b prime?
False
Let z(o) = -11*o + 50. Let k = 6 + -13. Is z(k) a prime number?
True
Let t be -5 + (-3399)/(-3) - -3*1. Suppose t = 6*c - 5391. Is c a composite number?
False
Suppose 0 = -326*q + 171*q + 174*q - 10712827. Is q a composite number?
True
Let q = 270 - 266. Suppose 0 = -q*p - 5*s + 27601, 3*s = -2*p + 6366 + 7435. Is p a composite number?
False
Suppose 5*h = 229573 - 29928. Is h composite?
False
Let h(y) = -6*y**3 + 9*y**2 + 82*y - 77. Is h(-26) a composite number?
False
Suppose -18*v + 51078 = 7374. Suppose -4*f = 4*l - 3732, 542 = -2*l + 3*f + v. Is l composite?
False
Suppose 1 = -3*m + 5*m - d, -4*m - d + 17 = 0. Suppose -1200 = -4*x + 3*s, s - m = 1. Let y = x - -616. Is y a prime number?
True
Let c = -22 - -27. Suppose 0 = -5*o + 25 - 45, -v = c*o - 273. Is v prime?
True
Suppose -77*r = -93*r - 79856. Let g = 3616 - 6454. Let v = g - r. Is v prime?
True
Let h be -4*((-83)/(-12) + 10/(-15)). Let s be 4/10 + (-40)/h. Is 33*17*s/(3 + 3) a prime number?
False
Let h(z) = z**2 - 16*z + 2. Let v be h(16). Let s be 10/v*(187 + -5 + 0). Let d = 937 + s. Is d a prime number?
True
Let v be 130/6 - (-6)/(-9). Suppose 23502 = v*y - 38049. Is y composite?
True
Suppose 3*b = 5*g - 27, 4*g - 3 = -5*b - 11. Is (-50564545)/(-2125) - b/(-50) prime?
False
Let d be (-12)/(-9) + 86975/(-15). Let p = d - -11819. Is p composite?
True
Let d(y) = -2*y**3 + 11*y**2 - 7. Let v be (-54)/(-10) + (51/(-15) - -3). Let z be d(v). Suppose 0 = b - 397 + z. Is b composite?
False
Let v = 27538 + 104317. Is v composite?
True
Suppose 10 = -2*l, -k = 2*l - 170072 - 102569. Is k a prime number?
True
Suppose -253580 = -45*c + 25*c. Is c prime?
False
Suppose n + 599753 = -7*n + 19*n. Is n prime?
False
Let w = 270124 - 137711. Is w a prime number?
False
Suppose 143*t - 149*t - 54 = 0. Is (-1186*(-3)/t)/((-14)/483) prime?
False
Suppose -3*b = -3, -3*m + 5*b = -224209 - 132279. Is m composite?
False
Suppose 0 = -2*q + y + 508919, 2*y - 716035 - 301815 = -4*q. Is q prime?
True
Suppose 3*v - 13*t - 809131 = -9*t, -4*v - 3*t = -1078858. Is v a composite number?
False
Suppose -3*u + 51534 = 3*r, 3*u = 3*r + 15570 + 35976. Suppose -3038 = -11*j + u. Let z = j - 1057. Is z a prime number?
False
Let z = 342 - 337. Is (z + -6 - -5) + -3 - -121 a prime number?
False
Let h(k) be the third derivative of -k**6/40 + 3*k**5/20 + 55*k**4/24 - 22*k**3/3 + 5*k**2 + 11*k. Is h(-17) a composite number?
False
Let c = -1519 - -145. Let u be 1786*((-16)/152 - (-30)/(-76)). Let w = u - c. Is w composite?
True
Let c = -105 - -110. Suppose h + 1920 = 3*h + 5*u, 5*u = c*h - 4765. Is h a prime number?
False
Suppose 2*r = -16*v + 15*v - 55504, -3*v - 2*r = 166508. Let k = v - -87957. Is k prime?
False
Let b(w) = w - 4. Let u(c) = 2*c - 6. Let h(d) = -8*b(d) + 5*u(d). Let r be h(1). Suppose -5*k = z - 2435, 1948 = k + 3*k - r*z. Is k a prime number?
True
Let c(g) = g**3 + 8*g**2 - 2*g - 4. Let a be c(-8). Let u(r) = -2*r**2 + 16*r - 4. Let b be u(a). Is -3*(b/6 - 1) a composite number?
False
Suppose -157*u = 2180767 - 30564326. Is u a composite number?
True
Suppose -1018*y + 3511360 = -1002*y - 1108336. Is y a composite number?
False
Let i(h) be the first derivative of 4*h**3 + h**2/2 + 4*h + 2. Let p = 2191 + -2194. Is i(p) a composite number?
False
Let v(u) = -u + 34. Let n(q) = q**2 - 7*q - 8. Let y be n(8). Let g be v(y). Let l = g + 5. Is l composite?
True
Let g be 2*(-5)/(-20)*-10. Let q(t) = 2*t + 7. Let c be q(g). Let b(i) = 20*i**2 - i + 8. Is b(c) composite?
False
Let r = 402 + -397. Suppose -r*d + 20837 = -4*v, 1728 = -d + v + 5895. Is d composite?
True
Let t be (0 - 1/1) + 3. Suppose -2*m = t*v - 7104, v - 3*v - 3*m = -7102. Is v a composite number?
True
Suppose -4*z + 738127 = 3*t, -406*z - 492058 = -2*t - 402*z. Is t composite?
True
Let l = 49 + -37. Suppose 0 = -4*u - 4*z + 24, 4*z = -0*z + l. Suppose -m - y - y = -787, 2368 = u*m - y. Is m prime?
False
Let w(t) = 182*t**2 - 153*t - 640. Is w(-35) prime?
False
Suppose s - 63805 - 11515 = 4*b, -b + 1 = 0. Suppose 50*d = s + 93926. Is d composite?
True
Let f = 129762 - 75541. Is f prime?
False
Let w = -24120 - -8597. Let a = w - -39682. Is a composite?
True
Let b be (-511)/21*(2 - (2 + 3)). Let n = 141 - -25. Let h = n - b. Is h a composite number?
True
Let f(i) = 9*i - 98. Let h be f(11). Let r(v) = 2938*v**3 + 4*v**2 - 3. Is r(h) prime?
True
Let m(i) = -46*i**2 - 9*i + 2*i**3 + 9*i**2 - 3 + 36. Is m(22) prime?
False
Let h(i) = 13 + 471*i - 5 + 207*i + 9. Let k be h(6). Suppose 0 = -3*d - 4*v + k - 620, 3*d - 5*v - 3438 = 0. Is d prime?
True
Let v(i) = -i**2 - i - 89. Let m be v(17). Let b = m - -5586. Is b a prime number?
False
Suppose 0 = 143*v - 146*v + s + 142887, 4*v + 3*s = 190490. Is v composite?
True
Suppose -2*s - 1968294 - 18930762 = -50*s. Is s composite?
False
Is ((-15)/(-10))/((-33)/(-2101858)) a prime number?
True
Let r(d) = -4429*d - 150. Is r(-13) a composite number?
False
Let w be 6/(-39) + 349/(-13). Let t be (18/w)/((8/9)/(-4)). Is 2634/t - (-8 - -9) composite?
False
Let d(n) = 13*n**2 + 179*n + 32. Let a be d(-45). Let q = -8535 + a. Is q composite?
False
Let f = -10 - -6. Let l be f/6*(-2 + -1). Suppose 0*t = -l*t + 3466. Is t a composite number?
False
Let n(r) = -85 - 2*r**2 + 3*r**2 - 7*r - 3*r**2 + 26*r**3 + 32*r. Is n(6) a composite number?
True
Let t(p) = 72*p**2 - 3*p + 3. Let z be t(2). Let l = 115 + -53. Let k = z - l. Is k a composite number?
False
Suppose -3*i = -5*t - 1571, -5*i + 6 = -2*i. Let k = t + 449. Let g = k + -97. Is g prime?
False
Let b(d) be the third derivative of 11*d**4/3 + d**3/2 + 13*d**2. Let y be b(8). Let x = y + -336. Is x composite?
True
Let b(k) be the first derivative of -9*k**2/2 - 3*k - 4. Let c be b(-2). Suppose 5*x + 24830 = c*x. Is x composite?
True
Let i be ((-30)/(-150))/(2/70). Suppose i*u - 61476 = 106307. Is u a composite number?
True
Let l = -1698 - -2775. Suppose v = -m - 4*m + 3288, 0 = 5*m + 4*v - 3297. Suppose -l = -5*i - 4*k, -3*i - 2*k + 5*k = -m. Is i prime?
False
Let g be 2/((-8)/(-12)) + (-2)/(-2). Let b be 2*(g - (123/(-6) - 2)). Let w = b + 156. Is w composite?
True
Let x(h) be the second derivative of h**5/20 + 13*h**4/4 - 7*h**3/6 + 11*h**2/2 + h + 23. Is x(-34) composite?
False
Suppose -67683 = -7*i + 43372. Suppose i = c - 2*m, 0 = -14*m + 10*m - 12. Is c a composite number?
False
Let n be 3*((-20)/36 - 2/(-9)). Let i = 5 + n. Suppose b + 0*b = -3*r + 2357, 0 = -i*b - 16. Is r a prime number?
True
Suppose -4086823 = -3*a - 4*i, -3*a = 10*i - 16*i - 4086753. Is a composite?
True
Suppose -13*d + 3276 = -12*d - 3*c, -2*d - 3*c = -6561. Let x = -2182 + d. Is x a prime number?
True
Suppose 15*t = -13*t + 56. Is t/(1 - (-8854)/(-8858)) a composite number?
True
Suppose -4*z + 9 = -27. Suppose z*o = 5*o + 2708. Is o a prime number?
True
Let j = -296849 + 514842. Is j a prime number?
False
Let t(s) = 77*s**3 - 6*s**2 + 140*s + 9. Is t(14) a composite number?
False
Let t(u) = 28*u**2 + 26*u - 1. Let 